 = -3*h. Calculate k(g).
-3
Let w(r) be the third derivative of r**4/2 - 2*r**3 + 1746*r**2. What is w(2)?
12
Let n(u) = -2*u**2 + 11*u + 3. Let i(m) = -m - 10. Let p be i(-7). Let h be 6/(-39) - (p + 123/(-39)). Give n(h).
-3
Let t(f) = 8*f**2 + 3*f + 1. Let r = -159 + 74. Let j = 102 + r. Suppose j*d = 19*d + 4. What is t(d)?
27
Let v(y) = y**3 + 6. Let p(c) be the third derivative of -c**6/120 + c**3/6 - 5*c**2. Let b be p(1). Determine v(b).
6
Let f(o) = -2*o**2 - 163*o - 968. Let y be f(-75). Let b(n) = 16*n - 39. Give b(y).
73
Let w = 11 - 6. Suppose 5*y + 2*k = -143, -w*k = -2*y - 3*k - 46. Let m = y + 31. Let f(o) = o**3 - 3*o**2 - 2*o + 4. Determine f(m).
12
Let b be 10/15 - (0 + (-28)/3). Let q(s) = -14 + 977*s**3 - 6*s - 976*s**3 + 5*s + b*s**2. Let w be q(-10). Let x(f) = -f**3 - 4*f**2 + 3*f + 2. What is x(w)?
-10
Suppose 83*v + 255 + 217 = 140. Let f(o) = 3*o + 1. Give f(v).
-11
Let t be (-6 - -1)/((-4)/8*1). Suppose 2*k = -t, 33 = 2*u - 5*k - 22. Let g(y) = -y + 16. Let z be g(u). Let q(a) = -a**3 - a**2 + a - 1. Give q(z).
-2
Let f(y) = y + 2*y - 2*y. Suppose r = 1881 - 1884. Calculate f(r).
-3
Let x = 21 - 9. Let t(y) = -17*y**2 - 19*y**2 + 6 + 55*y**2 - y**3 - 6*y - x*y**2. Calculate t(6).
6
Let z(l) = l**2 + 12*l + 28. Let x be z(-9). Let p(c) = -x + 132*c**2 + 124*c**2 + c - 265*c**2. Suppose 3*n - 5 = -2*n. Determine p(n).
-9
Let w(a) = -6*a - 6. Let f(p) = -p**3 + 9*p**2 + 25*p - 33. Let g be f(11). Suppose 95*j - 18 = t + 92*j, -4*t - 5*j + 13 = g. Give w(t).
12
Let h(x) = -13*x**2 + 13*x + 5. Let y(t) = -24*t**2 + 25*t + 10. Let w(p) = 11*h(p) - 6*y(p). Suppose -5*k - 5*s + 35 = 0, 0 = -k + 2*s - 0*s + 7. Give w(k).
-5
Let a be 382/(-6) + (32/12)/4. Let g = 63 + a. Suppose 20 = -10*d - g*d. Let k(m) = -m**3 - 3*m**2 - m - 1. What is k(d)?
-3
Let l(u) be the first derivative of u**4/4 + 7*u**3/3 - 7*u**2/2 - 24*u + 7682. Calculate l(-8).
-32
Let a(c) = 5*c + 3. Let i(f) = -21*f. Let l(j) = -5*j + 6. Let s be l(2). Let x be i(s). Let w = x - 86. Give a(w).
-7
Let l(j) be the first derivative of 5*j**2 - j + 2. Suppose 3*g + 0 = -5*y - 41, -5*g - 24 = 2*y. Determine l(g).
-21
Let w be ((-54)/(-18)*8/(-12))/((-2)/13). Let h(a) = -a**2 + 14*a + 26. Determine h(w).
39
Let t = -95 + 102. Let u(h) = 3*h - 21. Let q be u(t). Suppose 5*w + q*w + 25 = 0. Let c(g) = -g**2 - 6*g + 2. Give c(w).
7
Let p(i) be the second derivative of -i**5/20 - i**4/3 + i**3/2 + i**2 + 3*i + 27. Let d = 1 - 0. Suppose 0 = -4*y + 5*w - 11, d = -0*w - w. What is p(y)?
-10
Suppose 0 = -5*d - 2*u + 1090 - 26, -4*d = 3*u - 847. Let z = d - 210. Let x(i) be the first derivative of i**4/4 - i**3 - 3*i**2 + i + 1. Calculate x(z).
-7
Let r(h) be the second derivative of -h**2 + 7*h + 0 - 1/6*h**4 - 1/2*h**3. Let f(w) = 55*w + 713. Let n be f(-13). Calculate r(n).
-4
Suppose 10*b + 5 = 7*b + y, -4*b + 5*y = -19. Let k(q) = -2*q**3 - 5*q**2 - 5. Give k(b).
43
Let a(d) = d**2 + 5*d + 6. Suppose 2*c + 5 = 13. Suppose -17 - 11 = -c*l. Suppose l = -3*y - 5. Give a(y).
2
Let h(q) = -15*q + 3*q**2 + 347 - 4*q**2 - 282. Give h(-19).
-11
Let w(x) = -x + 8. Let h be w(4). Suppose -6*a + h + 44 = 0. Let g(i) = 4*i - 16 - 6*i - i + 4*i + 19. Determine g(a).
11
Let i(z) be the second derivative of -z**4/12 - 17*z**2/2 - 7394*z. Give i(0).
-17
Let z(j) = 2*j**2 + 38*j + 17. Let l(t) = t**2 - 1. Let p(x) = -5*l(x) - z(x). Let s be p(-5). Let m(b) = 2*b**3 - 3*b**2 - 4*b + 3. What is m(s)?
18
Let z(k) = -18*k - 60. Let p be z(-4). Let i(g) = p + 0 + 4*g - 22. Calculate i(7).
18
Let t(b) be the first derivative of b**3/3 - 6*b**2 - 21*b + 6945. Calculate t(11).
-32
Let b(w) = 5*w + 52. Let j(i) = -13*i - 133. Let u(v) = -11*b(v) - 4*j(v). Calculate u(-16).
8
Let f(u) = -u**3 - 4*u**2 + 5*u - 2. Suppose 2*y + 4*y = 564. Let o be (-60)/(-270) + y/(-18). Determine f(o).
-2
Let n(p) = 30*p - 10. Let o be -6*(30/(-84) + (-1)/7). Give n(o).
80
Let r = -6 + 8. Let j = -1 + r. Let a(v) = 11*v - 50. Let z(g) = 144*g - 675. Let p(u) = 27*a(u) - 2*z(u). Determine p(j).
9
Let k = -1707 + 1702. Let h(v) = -5*v**2 - 24*v + 11. Calculate h(k).
6
Let h = -894 + 897. Let v(g) = 7*g + 3. Let o(u) = 7*u + 2. Let b(t) = -5*o(t) + 4*v(t). Give b(h).
-19
Let z(y) = 20*y**3 - 3*y**2 + 20*y + 18. Let f(r) = -7*r**3 + r**2 - 7*r - 6. Let w(a) = -17*f(a) - 6*z(a). Suppose 6*c = 3*c - 6*c. Determine w(c).
-6
Let n(y) = 63*y + 5235. Let l be n(-83). Let w(k) = 2*k + k**2 - 5*k - 3 + 0*k**2 - 5*k. Give w(l).
-15
Let r be 4 - ((-34)/4 + 4)*6. Suppose r + 11 = 14*b. Let v be 14/42 + 11/b. Let c(x) = -x**3 + 5*x**2 - 5*x + 1. Determine c(v).
-3
Let o(q) = q**2 - 10*q + 20. Suppose -8 = 4*n, -16*f + 47 = -11*f - n. What is o(f)?
11
Suppose 4*f - 58 = 10. Let r = f + -13. Let u(x) = -2*x**3 - 3 - r*x**2 + 1 + 4*x**3 - x**3. Calculate u(4).
-2
Let o(g) be the second derivative of g**4/12 + 7*g**3/6 - 28*g**2 + 2848*g. What is o(-12)?
4
Let p = -9566 - -9560. Let k(z) = -2*z**2 - 5*z + 17. Determine k(p).
-25
Suppose -2*l - 3 = -a, 146*a - 145*a = -4*l - 9. Let c(k) = k**2 - 2. What is c(l)?
2
Let p(q) = -9*q - 1. Let y(j) be the third derivative of j**4/24 - 2*j**3/3 - 2*j**2 - 169. Suppose 0 = 2*b - 14 + 4. Let i be y(b). Calculate p(i).
-10
Let m(g) = -5*g + 4. Let d(r) = 40 + 46 - 95 + 12*r. Let z(h) = 4*d(h) + 10*m(h). Suppose 4*s + 24 = -4*q, 0 = 5*q - 0*s - 3*s + 6. Determine z(q).
10
Let d(r) = 4*r + 14. Let g(u) = 9*u + 29. Let y(q) = 7*d(q) - 3*g(q). Let l(p) = -p - 8 + 5 - 7. Let s(v) = 6*l(v) + 5*y(v). Give s(-11).
6
Let f(a) = a**2 + a - 1. Let d(v) = -v**2 + 7*v + 39. Let m be d(11). Let x be 14/(-10) - (12/m + 2). Let g = 1 + x. Determine f(g).
-1
Let m(q) = -41*q**2 + 4*q - 5. Let c(v) = 84*v**2 - 9*v + 11. Let f(t) = -4*c(t) - 9*m(t). What is f(-1)?
34
Let d(f) = f**2 - f - 4. Let t = -45 - -30. Let s = t + 12. Calculate d(s).
8
Let h(l) = 13 - 629*l + 619*l - 3*l**2 + 5*l**2 - 8*l**2 + 5*l**2. Let n be 6*2/1*-1. Determine h(n).
-11
Let y(k) = -2*k**3 - 7*k**2 - k - 5. Let g be (-15705)/2094 - 2*10/(-8). Give y(g).
75
Let k(n) = -3*n**2 + 9*n + 9. Let w(u) = u**3 + 21*u**2 + 46*u + 158. Let s be w(-19). Give k(s).
-45
Let c = -1525 - -721. Let w = c + 809. Let m(g) = -g**3 + 3*g**2 + 9*g - 12. What is m(w)?
-17
Let k = -21 - -37. Suppose -5*r + 5*r = -5*r. Suppose 12*c - k*c - 20 = r. Let o(n) = 3*n + 7. Give o(c).
-8
Let d(h) be the third derivative of h**5/60 + 5*h**4/8 + 7*h**3/2 + 13*h**2 - 83*h. Determine d(-17).
55
Let f(g) = -10*g - 10*g**2 - 9 + 14*g - 2 + 8*g + g**3. Let d be 17 - 4 - ((-3)/(-27) + 70/18). Determine f(d).
16
Let m(o) = o**3 - 10*o**2 - 18*o - 48. Let y be m(12). Suppose -31*x + 34*x = y. Let j(l) = 7*l - 5. Calculate j(x).
51
Let h(m) = m**3 + 6*m**2 + 4*m + 3. Let o(t) = -5*t - 20. Suppose 5*y + 24 = -4*s + y, 2*s - y = -3. Let u be o(s). Give h(u).
8
Let p = -76 - -100. Suppose -p = -5*d - 29. Let a(w) = -3*w**2 - 2*w. Let v be a(d). Let o(c) = -3*c. Determine o(v).
3
Let y = 0 - -2. Let l(s) = -3*s + 20. Let t(j) = -234 - 2*j + 122 + 124. Let n(u) = 3*l(u) - 5*t(u). Determine n(y).
2
Suppose 8*m + 4*n = 3*m + 12, -2*m + 4 = 2*n. Let g(j) be the second derivative of j**5/20 - j**4/3 - j. Determine g(m).
0
Let r(s) = -s**2 + 4. Suppose 50 + 4 = 4*o + 2*y, 5*y = -o. Suppose 15 = -3*u, 2*z = 4*z - 3*u - o. Suppose z = -5*w + 18*w. Calculate r(w).
4
Let s = 164 - 160. Let l(z) be the first derivative of 5*z**2/2 + z + 14. Give l(s).
21
Let u be 6*6/108*3. Let x(a) = u - 4 - 8 - 3*a. Calculate x(-4).
1
Suppose 5*a - 1645 = -3*f, -f + a = -4*a - 515. Let m = -537 + f. Let o(l) = -l**3 + 3*l**2 - 2*l - 3. Give o(m).
-9
Let y be 27/(-5) - 12/20. Let h be (5/30)/(3/((-108)/y)). Let q(j) = -13*j + 1. What is q(h)?
-12
Suppose 4*y + 77*u + 17 = 76*u, 0 = 5*y - 2*u + 31. Let c(b) = b**2 + 8*b + 9. Give c(y).
-6
Let i(a) = 6*a - 67. Let v be (-36 - -29) + 1 + (-1 - -2) - -23. Calculate i(v).
41
Let b(r) = r**2 + r - 3. Suppose -16*s = -201 + 9. Suppose 4*n - p = -15, -n - 2*p + s = 3*p. What is b(n)?
3
Let o(q) = -q**2 + 1. Let m(f) = -4*f. Let z = 42 + -31. Let s(n) = n**2 - 12*n. Let w(b) = z*m(b) - 4*s(b). Let i(l) = 5*o(l) - w(l). Give i(-4).
5
Let s(r) = -r**2 - 2*r + 7. Let c(o) = o**3 + 13*o**2 + 10*o - 59. Let f(y) = c(y) + 8*s(y). Suppose -6 = p + 5*m, -p = m + 1 + 5